 base 7, what is -2012 + -1304?
-3316
In base 4, what is -10 - 2011320?
-2011330
In base 10, what is 5 - 4891?
-4886
In base 12, what is -63b8 - -3?
-63b5
In base 7, what is -5 + 50346?
50341
In base 13, what is 2 - c9c16?
-c9c14
In base 8, what is 373 - 526?
-133
In base 8, what is -7041 + 71?
-6750
In base 7, what is 225 - -241?
466
In base 6, what is -1 + -3512122?
-3512123
In base 2, what is -11100111 - 1?
-11101000
In base 4, what is 320301 - 12312?
301323
In base 12, what is 9964 - -1?
9965
In base 3, what is -1210 - -1020021220?
1020020010
In base 15, what is 0 - 7c35?
-7c35
In base 2, what is 10000000100000011 + -1110010?
10000000010010001
In base 14, what is -5160 - -2?
-515c
In base 11, what is -5a - -404a?
3aa0
In base 9, what is -5 - -1583453?
1583447
In base 5, what is -24222241 - 1?
-24222242
In base 9, what is -1353 + -358?
-1722
In base 3, what is 2201 - -2101201?
2111102
In base 7, what is 265 + -2332?
-2034
In base 10, what is 481 + 171?
652
In base 16, what is -3bddf + 5?
-3bdda
In base 11, what is 1a + -2a89?
-2a6a
In base 11, what is a9 - -183?
281
In base 8, what is -11410 + 5?
-11403
In base 16, what is -4833 + -30?
-4863
In base 5, what is 1 + -3340231?
-3340230
In base 9, what is -5514 - 1?
-5515
In base 6, what is 3 - -315545?
315552
In base 10, what is -21 + -6840?
-6861
In base 14, what is -c9a5c - -2?
-c9a5a
In base 10, what is -1678 + 51?
-1627
In base 12, what is 186 + 368?
532
In base 8, what is 5406 - 14?
5372
In base 6, what is 22 - 30330?
-30304
In base 5, what is 0 + -20421302?
-20421302
In base 15, what is -49624e + -5?
-496254
In base 9, what is 4082 - -7?
4100
In base 4, what is 123212 - 1310?
121302
In base 4, what is -20 - -2200003331?
2200003311
In base 11, what is 45 + -6a3?
-659
In base 3, what is -2021 + -120111?
-122202
In base 6, what is -5 + -1023215?
-1023224
In base 5, what is -12024 - 213?
-12242
In base 15, what is d - 1db56?
-1db48
In base 10, what is 5 + 140068?
140073
In base 12, what is 4 + -11470?
-11468
In base 12, what is 4b58 - 2?
4b56
In base 13, what is 1678 + -5?
1673
In base 9, what is 6 - -224212?
224218
In base 12, what is 21271 - -12?
21283
In base 14, what is -4c62 + 153?
-4b0d
In base 15, what is -6c71 + 33?
-6c3d
In base 9, what is 101128 + -8?
101120
In base 14, what is 1a - 603?
-5c7
In base 3, what is -211 - -1002010?
1001022
In base 15, what is 31963 + 7?
3196a
In base 5, what is -4 + -320322344?
-320322403
In base 4, what is -121322232 + 10?
-121322222
In base 2, what is 1 + 10011000111101100?
10011000111101101
In base 12, what is 1a032ab - -1?
1a032b0
In base 16, what is -2 + ae2a1?
ae29f
In base 4, what is -120 + -11203011?
-11203131
In base 10, what is -5 - -54720?
54715
In base 7, what is -1 + -34126?
-34130
In base 16, what is 1bbbe4 - -2?
1bbbe6
In base 6, what is 0 + 20241151?
20241151
In base 3, what is -10 + 10011122000?
10011121220
In base 4, what is 1221 - -2130213?
2132100
In base 8, what is 0 - 14206?
-14206
In base 3, what is -1000000210111 - -11?
-1000000210100
In base 3, what is 1001021002 + 0?
1001021002
In base 15, what is 4 + 3b78?
3b7c
In base 10, what is -741 + -50?
-791
In base 8, what is -37 - -17030?
16771
In base 3, what is -122202 + 11?
-122121
In base 8, what is -4 + -56416?
-56422
In base 13, what is 8 + b822?
b82a
In base 12, what is 177 + -831?
-676
In base 7, what is -544 - 120?
-664
In base 2, what is -10011010101 - -100?
-10011010001
In base 11, what is -752 + 291?
-471
In base 8, what is 23154 - 1?
23153
In base 11, what is -7 + 813?
807
In base 6, what is 10231242 + -4?
10231234
In base 7, what is 10151461 + -2?
10151456
In base 12, what is -53565 - -4?
-53561
In base 3, what is -100100 + -200020?
-1000120
In base 16, what is -110 + -1417?
-1527
In base 12, what is -35 + -9348?
-9381
In base 12, what is 134 + -675?
-541
In base 9, what is 8077 - -101?
8178
In base 16, what is 2 - -257b?
257d
In base 15, what is -85539 + 1?
-85538
In base 6, what is 113 + -222422?
-222305
In base 10, what is -15063 - 0?
-15063
In base 14, what is d2 - -4a3?
595
In base 9, what is 46 - 20164?
-20117
In base 4, what is -3 - 2210123203?
-2210123212
In base 13, what is -180 - -2793?
2613
In base 16, what is 111bd + 2?
111bf
In base 3, what is -10001 - 122211?
-202212
In base 16, what is a - -c76?
c80
In base 10, what is 146973 + 5?
146978
In base 11, what is -11a2 + -7?
-11a9
In base 16, what is 83939 - 3?
83936
In base 5, what is 10 + -2300002?
-2244442
In base 14, what is -6 - 5a25a?
-5a262
In base 10, what is 4 - -2799?
2803
In base 15, what is -1 + cc7d2?
cc7d1
In base 2, what is 1100111 + 1010010101?
1011111100
In base 15, what is -858 - -2?
-856
In base 11, what is -3 + -3857?
-385a
In base 15, what is 5 + 106a4?
106a9
In base 16, what is 4c2 - 4?
4be
In base 13, what is 0 - 3861c?
-3861c
In base 14, what is 31 + -9b?
-6a
In base 7, what is -352534 - -20?
-352514
In base 10, what is -421 + -694?
-1115
In base 3, what is -1212022 + -211?
-1220010
In base 2, what is 1010111101 - 1111000010010?
-1101101010101
In base 15, what is 22 + -2ed?
-2cb
In base 13, what is -a11 - 10?
-a21
In base 15, what is b2 - 66?
4b
In base 4, what is 22210222 + -3?
22210213
In base 5, what is -33404133 + -10?
-33404143
In base 11, what is 0 - -142859?
142859
In base 5, what is -4 + -103044321?
-103044330
In base 12, what is -378a + 22?
-3768
In base 2, what is 10111100 - 100101?
10010111
In base 15, what is -25 + -12e0d?
-12e33
In base 4, what is -3233303030 + 0?
-3233303030
In base 12, what is 7684 + -8?
7678
In base 16, what is -3 + 2853?
2850
In base 16, what is 6a78a6 - -1?
6a78a7
In base 14, what is -3 + -86b?
-870
In base 11, what is -397 + 957?
570
In base 7, what is -102 - 2501?
-2603
In base 11, what is 100 + 1644?
1744
In base 10, what is 10 - 102842?
-102832
In base 10, what is 1917 + -97?
1820
In base 2, what is 10011111111100 - -11000?
10100000010100
In base 2, what is -111000001100100 - -11?
-111000001100001
In base 5, what is -1 + 102110?
102104
In base 7, what is -32 + -26430?
-26462
In base 10, what is -52 - 49195?
-49247
In base 10, what is -10 - -53400?
53390
In base 2, what is 1000110000001111000 - 1010?
1000110000001101110
In base 9, what is -6418713 + -4?
-6418717
In base 4, what is 2132233 - -22?
2132321
In base 2, what is 10000100001011111 + -101011?
10000100000110100
In base 11, what is 5 - -35951?
35956
In base 5, what is -240440 - 334?
-241324
In base 6, what is 10342 - 12?
10330
In base 15, what is -3 - bd24?
-bd27
In base 2, what is -111011001011111 - 10010?
-111011001110001
In base 14, what is d8 + 154?
24c
In base 7, what is 4 - -1021320?
1021324
In base 2, what is 10001000011110011 + -11?
10001000011110000
In base 6, what is -5401422 - 0?
-5401422
In base 10, what is -1 - -52011?
52010
In base 2, what is 110011111110 - -101?
110100000011
In base 4, what is 11 - 23321230?
-23321213
In base 13, what is -49 + 137?
bb
In base 14, what is 6 - 3b0db?
-3b0d5
In base 4, what is 30132 - -121?
30313
In base 16, what is -3 - -d9a8a?
d9a87
In base 5, what is 1 + -11203144?
-11203143
In base 15, what is eb2 + -2a?
e87
In base 16, what is 3b68 - 0?
3b68
In base 12, what is 3 + 766b9?
76700
In base 12, what is -6 + -ab66?
-ab70
In base 11, what is -8038 - -4?
-8034
In base 14, what is 5 + 2219?
2220
In base 4, what is -2 - -3320331?
3320323
In base 4, what is 103303 - 1013?
102230
In base 5, what is 14 - -214414?
214433
In base 12, what is -777 - 28?
-7a3
In base 7, what is -14 + -3531?
-3545
In base 5, what is 13 + 1102313?
1102331
In base 6, what is -1151 - 3520?
-5111
In base 12, what is -463 - a97?
-133a
In base 12, what is 558 + 33?
58b
In base 2, what is -11 - 11001101111011101000?
-11001101111011101011
In base 13, what is 2 + -57b2?
-57b0
In base 8, what is -154 - 14062?
-14236
In base 8, what is 254 + -3644?
-3370
In base 2, what is -110010101011 + 1001100?
-110001011111
In base 16, what is -21 - -294c?
292b
In base 4, what is -1003030302 + 3?
-1003030233
In base 5, what is -3303032 - -33?
-3302444
In base 5, what is -1340 + 132?
-1203
In base 14, what is -2 - -86ca?
86c8
In base 6, what is -14 + -35250?
-35304
In base 7, what is -20206603 + 4?
-20206566
In base 14, what is -2a - -23cb?
23a1
In base 3, what is 10 + -2120222211?
-2120222201
In ba